Daily noaa report

                            MONTHLY CLIMATOLOGICAL SUMMARY for JUN. 2018

NAME: Lockford   CITY: Klamath Falls STATE: Oregon
ELEV: 4121 LAT: 042:11:21 LONG: 0121:43:19

                            TEMPERATURE ( F), RAIN (in.), WIND SPEED (mph)

                                               HEAT     COOL           AVG
      MEAN                                     DEG      DEG            WIND                      DOM
DAY   TEMP    HIGH   TIME     LOW    TIME      DAYS     DAYS    RAIN   SPEED   HIGH    TIME      DIR
--------------------------------------------------------------------------------------------------------
01    56.6   077.9   18:55    38.3   00:59     08.4     00.0   00.00   001     013    17:02     SSE
02    66.0   088.0   17:17    41.9   05:55     00.0     01.1   00.00   001     013    19:29      W 
03    68.1   086.4   14:33    45.9   05:58     00.0     03.1   00.00   002     022    15:33      W 
04    59.9   073.4   15:41    43.2   05:58     05.1     00.0   00.00   002     017    16:00     WNW
05    60.2   077.4   15:18    40.3   05:52     04.7     00.0   00.00   001     013    21:55     WNW
06    62.7   082.0   17:03    44.4   05:44     02.2     00.0   00.04   001     015    20:41     WNW
07    64.1   079.2   15:35    48.7   04:57     00.8     00.0   00.00   001     021    15:19     WSW
08    60.4   077.4   16:09    40.6   05:56     04.6     00.0   00.00   002     020    16:59     WSW
09    47.2   056.7   13:48    36.7   23:12     17.7     00.0   00.28   003     026    15:09      W 
10    47.9   062.6   17:17    28.2   05:05     17.1     00.0   00.04   002     017    14:49     WSW
11    60.6   077.5   19:04    48.4   05:50     04.3     00.0   00.00   001     013    09:22      W 
12    66.5   090.1   17:01    43.2   06:00     00.0     01.6   00.00   001     018    18:39     WNW
13    66.0   081.0   16:36    46.0   05:58     00.0     01.0   00.00   002     021    14:51     WNW
14    61.8   079.7   15:38    41.9   05:46     03.2     00.0   00.00   002     017    18:56     WNW
15    61.4   077.5   16:03    41.0   05:58     03.5     00.0   00.00   002     018    19:05     WNW
16    55.3   071.6   14:59    37.4   05:50     09.7     00.0   00.00   003     025    21:15      NW
17    56.9   070.9   17:21    46.0   05:48     08.1     00.0   00.74   002     020    17:57     NNW
18    57.0   075.4   14:28    42.4   04:28     07.9     00.0   00.09   001     020    18:58     WNW
19    65.6   086.5   18:15    43.9   05:58     00.0     00.6   00.01   001     010    13:54      SE
--------------------------------------------------------------------------------------------------------
60.2 (59.7)   90.1  day 12     28.2  day 10   097.3    007.4   01.20   01.7     026   day 16     WNW
Max >=  86: 4
Min <=  32: 1
Max Rain: 0.74 ON 17-06-18
Days of Rain: 6 (> .008in) 3 (> .08in) 0 (> 0.8in)