Daily noaa report
                            MONTHLY CLIMATOLOGICAL SUMMARY for APR. 2019

NAME: Lockford   CITY: Klamath Falls STATE: Oregon
ELEV: 4121 LAT: 042:11:21 LONG: 0121:43:19

                            TEMPERATURE ( F), RAIN (in.), WIND SPEED (mph)

                                               HEAT     COOL           AVG
      MEAN                                     DEG      DEG            WIND                      DOM
DAY   TEMP    HIGH   TIME     LOW    TIME      DAYS     DAYS    RAIN   SPEED   HIGH    TIME      DIR
--------------------------------------------------------------------------------------------------------
01    46.4   052.9   13:18    42.1   06:42     18.5     00.0   00.14   001     014    18:38     SSE
02    46.0   061.2   16:44    41.9   06:13     19.0     00.0   00.44   001     015    18:12      S 
03    47.4   057.0   14:21    40.5   06:12     17.5     00.0   00.02   002     015    16:02     WSW
04    46.4   053.6   13:13    41.0   01:22     18.6     00.0   00.02   004     023    16:09      S 
05    43.7   052.5   17:34    37.6   21:37     21.3     00.0   00.08   004     026    15:10     SSW
06    45.6   054.9   14:36    39.4   00:01     19.3     00.0   00.01   004     021    17:45      S 
07    52.2   061.2   12:59    46.2   05:45     12.7     00.0   00.06   004     023    14:09      SW
08    49.8   057.9   12:05    39.7   00:00     15.1     00.0   00.34   003     021    18:32      SW
09    39.9   049.3   15:30    33.1   00:00     25.0     00.0   00.05   005     029    17:10      NW
10    40.5   051.6   13:22    27.3   04:26     24.4     00.0   00.02   004     022    14:19     WNW
11    39.1   045.5   16:15    33.8   00:00     25.8     00.0   00.01   005     020    00:39      W 
12    41.7   055.2   17:04    27.7   06:56     23.2     00.0   00.01   003     022    16:32      NW
13    45.8   062.1   17:47    26.8   06:39     19.1     00.0   00.00   003     021    23:29      W 
14    41.1   046.4   10:59    33.1   23:57     23.8     00.0   00.05   002     016    11:42      W 
15    38.2   046.9   10:42    30.2   01:40     26.7     00.0   00.20   001     012    22:02      SW
16    43.1   059.9   16:36    27.0   06:59     21.9     00.0   00.01   001     014    17:54      W 
17    51.2   070.0   18:39    32.7   05:09     13.7     00.0   00.00   002     017    14:13     WNW
18    58.9   081.7   18:58    37.0   06:53     06.1     00.0   00.00   001     009    14:09     SSE
19    58.9   077.9   16:00    40.1   06:40     06.0     00.0   00.06   002     017    19:06      W 
20    48.7   057.0   15:53    41.4   00:00     16.2     00.0   00.15   003     022    13:53      NW
21    48.5   067.3   18:33    28.9   06:05     16.4     00.0   00.00   002     015    19:42     WNW
22    55.3   073.0   16:51    33.3   06:39     09.7     00.0   00.00   002     021    17:39      NW
--------------------------------------------------------------------------------------------------------
46.8 (47.2)   81.7  day 18     26.8  day 13   400.2    000.0   01.69   02.6     029   day 09      W 
Max <=  50: 4
Min <=  32: 6
Max Rain: 0.44 ON 2-04-19
Days of Rain: 17 (> .008in) 6 (> .08in) 0 (> 0.8in)