Daily noaa report

                            MONTHLY CLIMATOLOGICAL SUMMARY for AUG. 2018

NAME: Lockford   CITY: Klamath Falls STATE: Oregon
ELEV: 4121 LAT: 042:11:21 LONG: 0121:43:19

                            TEMPERATURE ( F), RAIN (in.), WIND SPEED (mph)

                                               HEAT     COOL           AVG
      MEAN                                     DEG      DEG            WIND                      DOM
DAY   TEMP    HIGH   TIME     LOW    TIME      DAYS     DAYS    RAIN   SPEED   HIGH    TIME      DIR
--------------------------------------------------------------------------------------------------------
01    73.2   094.1   16:57    52.5   06:03     00.0     08.2   00.00   001     015    17:34      W 
02    70.0   087.1   15:40    51.4   06:23     00.0     05.0   00.00   002     018    14:09      NW
03    66.4   083.3   15:00    45.9   06:05     00.0     01.5   00.00   001     017    17:50     WNW
04    65.8   082.2   14:14    45.0   06:12     00.0     00.9   00.00   001     018    16:24      NW
05    68.4   089.4   16:30    46.2   06:16     00.0     03.5   00.00   001     013    20:25      S 
06    70.8   093.0   17:47    49.8   06:18     00.0     05.8   00.02   001     015    18:41     WNW
07    75.6   099.0   18:11    52.2   06:23     00.0     10.7   00.01   001     010    21:09     WSW
08    76.6   102.7   17:00    53.8   06:36     00.0     11.6   00.00   001     013    19:23      S 
09    77.9   101.1   17:48    56.7   06:40     00.0     12.9   00.00   001     013    19:52      S 
10    75.9   097.3   14:59    58.3   06:33     00.0     10.9   00.00   001     014    18:48     SSW
11    69.5   086.2   16:23    52.0   06:37     00.0     04.6   00.00   002     018    15:09     WNW
12    68.5   091.6   17:15    46.8   06:11     00.0     03.6   00.00   001     015    17:39     WNW
13    72.1   095.2   17:15    50.5   06:23     00.0     07.2   00.00   001     010    21:37     NNW
14    73.1   094.8   18:50    51.6   06:35     00.0     08.2   00.00   001     010    14:33      SE
15    72.7   093.2   16:37    57.7   04:29     00.0     07.8   00.01   001     013    06:01      S 
16    72.8   092.1   16:03    53.6   06:49     00.0     07.8   00.00   002     018    18:33      SW
17    69.1   088.7   16:43    48.7   06:40     00.0     04.1   00.00   001     015    19:12      W 
18    70.6   093.0   17:04    47.8   05:58     00.0     05.6   00.00   001     012    18:28     WSW
19    69.9   090.0   15:33    49.5   06:45     00.0     05.0   00.05   002     020    19:00     WNW
20    68.6   087.6   15:57    46.2   06:48     00.0     03.7   00.00   002     022    22:41      NW
--------------------------------------------------------------------------------------------------------
71.4 (71.4)   102.7  day 08     45.0  day 04   000.0    128.6   00.09   01.2     022   day 20     WNW
Max >=  86: 18
Max Rain: 0.05 ON 19-08-18
Days of Rain: 4 (> .008in) 0 (> .08in) 0 (> 0.8in)