Daily noaa report
                            MONTHLY CLIMATOLOGICAL SUMMARY for OCT. 2018

NAME: Lockford   CITY: Klamath Falls STATE: Oregon
ELEV: 4121 LAT: 042:11:21 LONG: 0121:43:19

                            TEMPERATURE ( F), RAIN (in.), WIND SPEED (mph)

                                               HEAT     COOL           AVG
      MEAN                                     DEG      DEG            WIND                      DOM
DAY   TEMP    HIGH   TIME     LOW    TIME      DAYS     DAYS    RAIN   SPEED   HIGH    TIME      DIR
--------------------------------------------------------------------------------------------------------
01    49.9   062.6   14:19    38.3   03:32     15.0     00.0   00.04   001     015    15:21     SSE
02    57.2   069.4   16:13    48.9   03:44     07.7     00.0   00.05   001     014    16:15     WSW
03    57.5   070.9   13:31    50.2   07:45     07.4     00.0   00.18   001     014    16:10     SSW
04    52.2   063.5   16:24    36.3   00:00     12.7     00.0   00.12   002     018    17:31      W 
05    41.2   055.8   14:36    28.0   06:59     23.7     00.0   00.15   000     013    15:59      S 
06    50.2   062.1   15:40    42.3   00:00     14.8     00.0   00.01   003     022    17:07     WNW
07    49.1   068.2   16:07    31.8   05:23     15.9     00.0   00.00   002     015    16:21     WNW
08    54.3   067.6   16:07    44.8   23:38     10.6     00.0   00.01   002     017    13:36     WNW
09    47.3   060.3   16:05    35.8   05:11     17.7     00.0   00.01   002     029    14:19      NW
10    45.9   062.1   17:22    34.0   01:45     19.1     00.0   00.02   003     020    20:32      NE
11    47.4   068.4   16:23    34.2   06:24     17.5     00.0   00.01   002     015    15:39      E 
12    49.4   075.6   17:46    28.9   07:30     15.5     00.0   00.00   000     008    14:13     NNE
13    50.5   076.1   16:47    31.3   05:07     14.5     00.0   00.01   002     020    22:59     NNE
14    46.4   059.2   16:05    35.4   06:44     18.5     00.0   00.00   004     020    15:22     ENE
15    44.4   072.5   16:31    23.2   07:37     20.5     00.0   00.00   000     009    15:32      NW
16    49.6   076.3   16:33    28.0   07:27     15.3     00.0   00.00   001     010    12:40      NW
17    51.4   079.5   16:45    31.1   07:35     13.5     00.0   00.00   000     008    15:00      N 
18    51.0   081.5   16:16    29.1   06:43     13.9     00.0   00.00   000     007    15:05      E 
19    52.1   080.4   16:10    32.0   13:59     12.8     00.0   00.00   000     008    14:55     NNE
20    52.8   084.2   16:32    31.5   07:41     12.2     00.0   00.00   000     008    15:13      N 
21    49.3   077.2   17:17    27.0   08:01     15.7     00.0   00.00   000     009    15:17      E 
22    48.2   078.1   15:37    25.0   07:01     16.7     00.0   00.00   000     006    16:42      E 
--------------------------------------------------------------------------------------------------------
49.9 (52.2)   84.2  day 20     23.2  day 15   331.3    000.0   00.61   01.3     029   day 09     NNW
Min <=  32: 12
Max Rain: 0.18 ON 3-10-18
Days of Rain: 11 (> .008in) 3 (> .08in) 0 (> 0.8in)